= c*u - b. What is the highest common divisor of u and 5?
5
Let i = 9509 - 8008. Calculate the highest common divisor of 95 and i.
19
Let v be (6/3 - 8)/1. Let z(s) = -2*s**3 - 8*s**2 - 2*s - 2. Let w be z(v). Let f be (-140)/42*((-16)/5 - 1). What is the greatest common factor of w and f?
14
Suppose q = -5*l + 31, -q - 6*l + 2*l + 28 = 0. Suppose -q*i - 15*i = -6138. Calculate the highest common divisor of 18 and i.
18
Suppose t - 33796 = -t - 13608. Calculate the greatest common factor of t and 49.
49
Let n be (3 + -206 - 0) + 5 + -3. Let t = n + 303. Let b = t - 84. What is the highest common divisor of b and 2?
2
Let h = 5873 - 5633. Suppose o - 904 = -3*d, d - 4*o + 78 - 362 = 0. What is the highest common divisor of h and d?
60
Let x be (-10 - 423/(-45))/((-2)/30). Let z(t) = -t**3 - 8*t**2 + 12*t - 4. Let n be z(-9). Let q = -4 - n. What is the greatest common factor of x and q?
9
Let a be ((-93)/(-12))/((-57)/(-228)). Let h(v) = 14*v**3 + 2*v**2 + 3. Let g be h(3). Let b = g - 244. Calculate the highest common factor of b and a.
31
Suppose -4*r = -512*o + 510*o + 3280, -3*r = 3*o - 4974. Calculate the highest common factor of o and 531.
59
Let w = 2735 - 2628. What is the greatest common divisor of w and 11021?
107
Suppose -98*d + 5379 = -97*d - 2*y, -16082 = -3*d - 5*y. Calculate the greatest common factor of 65 and d.
13
Suppose j + 5*k - 707 = 0, -j + 6*j - k = 3509. Let l = j + -686. What is the greatest common divisor of l and 1152?
16
Let u be 6*(-2)/12*-3. Suppose -18 = v + 3*c, -u*v - v + 2*c = 72. Let w be 2/4*-10*v. What is the greatest common factor of 18 and w?
18
Suppose -1972 = -2*b - 3*c, -5*b - 2*c - 50 = -4980. What is the highest common factor of b and 374?
34
Let c(o) = 8*o - 45. Let h(d) = d**3 - 2*d**2 - d + 10. Let q be h(0). Let j be c(q). Let u = -4 - -18. What is the greatest common factor of j and u?
7
Let f = -11 - -10. Let g be (-24)/(2 + -3 - f/(-2)). Suppose -o = -2*v + 3*v - 2, -4*v = 3*o - 2. Calculate the greatest common divisor of o and g.
2
Let l be -28*10*-1 + -1. Suppose l + 51 = 3*x - 2*w, -4*w = 0. Let v be 4/(-60) + 10240/600 - 6. Calculate the highest common divisor of x and v.
11
Suppose 2447 - 1017 = 5*l + 5*w, 0 = 5*l - 5*w - 1450. Let a be ((-35)/14)/((-45)/162). What is the highest common factor of a and l?
9
Let z = -180 + 244. Let h = 104 - z. What is the highest common factor of h and 10?
10
Let p(o) = o**3 + o**2 - 27*o - 73. Let z be p(7). What is the greatest common divisor of z and 510?
10
Let p = 34 + 14. Let m be 9/(-189)*6 + (-16)/(-7). Suppose l - 1 - 3 = -w, -m*w + 4 = 3*l. What is the greatest common factor of w and p?
8
Suppose -26*l = -54 - 50. Suppose 0 = 2*x + v - 26, -l*x + 3*v = -x - 57. Calculate the greatest common divisor of 195 and x.
15
Let m = 39 + -42. Let v(b) = b + 15. Let y be v(m). Calculate the highest common factor of 96 and y.
12
Let n(q) = q**2 + 6*q - 14. Let y be (-29)/3 + 22/33. Let z be n(y). Calculate the highest common divisor of z and 689.
13
Suppose -8*u - 4*v + 1352 = -2792, -2*u + 1012 = -5*v. Calculate the greatest common divisor of 1935 and u.
129
Let r(l) = l - 5. Let m be r(5). Suppose -q - 1 + m = 0. Let n be 2 + (-20)/((q + 3)*-1). Calculate the highest common divisor of 30 and n.
6
Suppose -2*s = 10*s - 168. Let z be 60/(-110) - 5568/(-44). Calculate the greatest common divisor of s and z.
14
Suppose -3*i + 0*r + 130 = -r, -4*i + 160 = 2*r. Let l = -15 + i. Suppose -p + 144 = l. What is the highest common divisor of p and 13?
13
Let a be (80/50)/((-8)/(-1140)). Let o be (-499)/(-2) - (-19)/(a/30). What is the highest common divisor of o and 56?
28
Let u = -251 + 621. What is the highest common factor of u and 111?
37
Let m be 17 + 5 + 13080 + -24. What is the greatest common divisor of m and 78?
26
Suppose v + 0 - 3 = 0. Suppose 4*d + 84 = t, v*t + 2*d + 3*d = 269. Calculate the highest common factor of 33 and t.
11
Let o be (611 - 172) + -2 + -1 + -4. What is the highest common factor of o and 1344?
48
Let u be (-5)/(-6)*(3 - -11 - 8). Suppose -3*h + 43 = -u*k, -5*h - 4*k + 78 = -6. Let l = 14 - 6. What is the highest common divisor of l and h?
8
Suppose 8*v - 180 + 169 = 733. Calculate the greatest common divisor of 8401 and v.
31
Let u = 896 + -851. What is the greatest common divisor of 645 and u?
15
Let l be 32224/(-159)*21/(-2). Calculate the greatest common divisor of 224 and l.
112
Suppose b + 1854 = 6*u - 4*u, -4*b = -4*u + 3716. Calculate the greatest common factor of 407 and u.
37
Let p(g) = g**3 + 13*g**2 + 24*g + 41. Let t be p(-11). Suppose -4*v = -k + 172, 0 = -2*k - 3*v + 2*v + 299. Calculate the greatest common factor of k and t.
19
Let m(j) = 2*j + 9. Let x be m(5). Let o = 305 - 201. Suppose 9 - o = -5*w. Calculate the greatest common factor of w and x.
19
Let d = -110 + 111. Let f be d*80/(-25)*(-6 + 1). What is the greatest common factor of f and 12?
4
Suppose 0 = m + 4*d + 11, -4*d + 18 - 2 = 0. Let z = -21 - m. Let x(q) = -q**3 + 8*q**2 - 6*q. Let n be x(z). Calculate the highest common factor of n and 9.
9
Suppose 0 = -12*q + 4*q + 40. Suppose 6*i - 25 = q. Suppose f + i = 0, 4*o = 3*o - 2*f + 1. What is the greatest common factor of o and 55?
11
Let y = -7116 + 7868. Calculate the highest common divisor of 1316 and y.
188
Let r be 3*(1 - 2)*(-8)/(-24). Let p be r/(3/(-9))*(-124)/(-3). What is the greatest common factor of p and 4?
4
Suppose 38*y - 34*y = -b + 12, 4*b = 5*y + 90. Let l(d) = d**2 + 6*d + 8. Let h be l(-6). What is the highest common divisor of b and h?
4
Suppose -2053 = -2*m - 4*o + 543, m = 4*o + 1268. Calculate the greatest common factor of m and 224.
56
Let w(b) = b**3 - 5*b**2 - 3*b - 5. Let m be w(7). Let y(t) = -t + 31. Let h be y(19). Suppose -n = -h + 3. What is the highest common divisor of n and m?
9
Suppose 0 = -6*x + 11*x - 25, 5*p + 30 = -x. Let l be 14/p + 11 - 1. What is the greatest common divisor of l and 12?
4
Let v = -452479 - -453330. Suppose -3*x = -i - 9 - 61, 0 = -4*x - 2*i + 90. What is the greatest common divisor of v and x?
23
Suppose 8 = 2*p - 3*q - 20, 0 = -p + 2*q + 13. Let f = p + 31. Let i(x) = 1092*x - 11940. Let u be i(11). Calculate the highest common divisor of u and f.
24
Suppose 0 = -4*x + 2 + 6. Let t(s) = -9*s**2 + 3 + 2 + 3 + 11*s**2. Let y be t(-3). What is the greatest common factor of x and y?
2
Let f(v) = 112*v - 97. Let k be f(12). Let o be k/29 + -1*(5 + -2). What is the greatest common factor of o and 24?
8
Suppose 2*x - c = 1425, 82*c - 86*c - 20 = 0. Calculate the greatest common factor of 1278 and x.
142
Suppose 5*u - 399 = -419. Let x(l) = l**3 + 4*l**2 + 2*l + 10. Let n be x(u). Calculate the highest common divisor of n and 54.
2
Let z = 46 - 22. Let h be ((-27)/(-18))/(4/z). What is the greatest common divisor of h and 117?
9
Suppose f - 175 = -d, -5*d - 337 - 608 = -5*f. What is the greatest common factor of 7553 and f?
91
Let h be (10721 - (8 + -1)) + -17. What is the greatest common factor of 19 and h?
19
Suppose 6*f = f - s + 875, 2*s = 5*f - 875. Let p = f + -87. Suppose -4*d + p = -0*d. What is the greatest common factor of d and 132?
22
Let c be (-3)/((11/9)/(256/1464) + -7). Let w = 28 - -4. Calculate the greatest common factor of w and c.
32
Suppose 1190 = 3*g + 5*t, t + 3 = 1. Calculate the highest common divisor of 2500 and g.
100
Let y(r) = 2*r**2 + 93*r + 236. Let v be y(-44). Let p = -93 - -221. What is the highest common divisor of v and p?
16
Suppose 225*o - 229*o = -a - 447, 5*o - 3*a = 571. Let x(b) = 12*b - 4. Let j be x(4). Calculate the greatest common divisor of j and o.
22
Let s = 28 + 0. Let y be (-154)/(-110)*(-50)/(-2). What is the greatest common factor of y and s?
7
Suppose 43*f - 55 = 38*f. Let c(k) = -7 - 2*k**2 + f*k + 3*k**2 + 2. Let b be c(-13). Calculate the greatest common divisor of b and 7.
7
Suppose -2*r = 2, 0*v = 4*v + 4*r + 4. Suppose -4*j - 2*j + 768 = v. Let x be 10/85 + j/68. Calculate the highest common divisor of 6 and x.
2
Let o(k) = -3*k**3 - 2*k**2 - 5*k - 11. Let s be o(4). Let x = -193 - s. What is the highest common divisor of x and 558?
62
Suppose -5*b - 5*w = -105, 2*b - 4*w = -b + 63. Let j = 25431 - 24906. What is the greatest common factor of j and b?
21
Suppose -12*s + 654 = -726. Calcul